{"id":516,"date":"2023-08-25T20:08:45","date_gmt":"2023-08-25T20:08:45","guid":{"rendered":"http:\/\/www2.incor.usp.br\/sites\/spdweb\/?page_id=516"},"modified":"2023-08-25T20:55:15","modified_gmt":"2023-08-25T20:55:15","slug":"awards","status":"publish","type":"page","link":"https:\/\/www2.incor.usp.br\/sites\/spdweb\/awards\/","title":{"rendered":"Awards"},"content":{"rendered":"\n<p><strong>2023 <\/strong>Men\u00e7\u00e3o Honrosa &#8211; XXIII Simp\u00f3sio Brasileiro de Computa\u00e7\u00e3o Aplicada \u00e0 Sa\u00fade (SBCAS), Sociedade Brasileira de Computa\u00e7\u00e3o<\/p>\n\n\n\n<p><strong>2021<\/strong> Men\u00e7\u00e3o Honrosa &#8211; XXXVI Simp\u00f3sio Brasileiro de Banco de Dados, Sociedade Brasileira de Computa\u00e7\u00e3o<\/p>\n\n\n\n<p><strong>2020<\/strong> Men\u00e7\u00e3o Honrosa &#8211; XX Simp\u00f3sio Brasileiro de Computa\u00e7\u00e3o Aplicada \u00e0 Sa\u00fade (SBCAS),, Sociedade Brasileira de Computa\u00e7\u00e3o<\/p>\n\n\n\n<p><strong>2020<\/strong> Pr\u00eamio Whow! de Inova\u00e7\u00e3o 2020, Centro de Intelig\u00eancia Padr\u00e3o (CIP) e Hyper Island (https:\/\/www.hyperisland.com\/)<\/p>\n\n\n\n<p><strong>2013 <\/strong>Pr\u00eamio ARede 2013 &#8211; (Servi\u00e7os aos Usu\u00e1rios e \u00e0 Comunidade), Bit Social &#8211; http:\/\/www.arede.com.br<\/p>\n\n\n\n<p><strong>2013<\/strong> Pr\u00eamio SUS de C&amp;T (Orientador de Tese de Doutorado), Minist\u00e9rio da Sa\u00fade &#8211; Secretaria de Ci\u00eancia, Tecnologia e Insumos Estrat\u00e9gicos (SCTIE)<\/p>\n\n\n\n<p><strong>2012<\/strong> CUM LAUDE &#8211; SPIE Medical Imaging, SPIE (http:\/\/www.spie.org)<\/p>\n\n\n\n<p><strong>2012<\/strong> Finalista do Pr\u00eamio M\u00e1rio Covas 2012, Governo do Estado de S\u00e3o Paulo<\/p>\n\n\n\n<p><strong>2012<\/strong> Finalista do Pr\u00eamio SUS de Ci\u00eancia e Tecnologia (Tese de Doutorado), Minist\u00e9rio da Sa\u00fade &#8211; DECIT<\/p>\n\n\n\n<p><strong>2011<\/strong> Inova\u00e7\u00e3o em Hospitais de Ensino, Hospitais de Ensino do Estado de S\u00e3o Paulo<\/p>\n\n\n\n<p><strong>2011<\/strong> Pr\u00eamio SOCESP &#8211; Melhor Trabalho em Sess\u00e3o Oral de Temas Livres, XXXII &#8211; Congresso da Sociedade de Cardiologia do Estado de S\u00e3o Paulo<\/p>\n\n\n\n<p><strong>2011<\/strong> 1st Best Paper of 10th Intl. Information and Telecommunication Techonologies Conference, IEEE Latin American<\/p>\n\n\n\n<p><strong>2010<\/strong> Medalha &#8220;Centen\u00e1rio do Centro M\u00e9dico&#8221;, Secretaria de Estado dos Neg\u00f3cios da Seguran\u00e7a P\u00fablica &#8211; Pol\u00edcia Militar do Estado de S\u00e3o Paulo<\/p>\n\n\n\n<p><strong>2009<\/strong> Pr\u00eamio 100 mais Inovadoras no uso de TI &#8211; Categoria Pequenas e M\u00e9dias Empresas, Revista InformationWeek Brasil (http:\/\/www.informationweek.com.br\/100mais\/)<\/p>\n\n\n\n<p><strong>2008<\/strong> Semifinalista Regional do Pr\u00eamio Santander de Ci\u00eancia e Inova\u00e7\u00e3o, Universia Brasil e Santander Universidades<\/p>\n\n\n\n<p><strong>2008<\/strong> Finalista do Pr\u00eamio de Incentivo em Ci\u00eancia e Tecnologia para o SUS &#8211; 2008 (Orientador de Ricardo da Silva Santos- Tese de Doutorado), Minist\u00e9rio da Sa\u00fade<\/p>\n\n\n\n<p><strong>2007<\/strong> Finalista do X Pr\u00eamio CONIP 2007 de Excel\u00eancia em Inform\u00e1tica Aplicada aos Servi\u00e7os P\u00fablicos, Instituto CONIP<\/p>\n\n\n\n<p><strong>2007<\/strong> Pr\u00eamio InfoCorporate 2007 &#8211; Melhor Case de TI na \u00c1rea da Sa\u00fade, Gartner Group, Revista InfoCorporate e Editora Abril (http:\/\/www.infocorporate.com.br)<\/p>\n\n\n\n<p><strong>2007<\/strong> Finalista do Pr\u00eamio de Incentivo em Ci\u00eancia e Tecnologia para o SUS &#8211; 2007 (Orientador de Alexandre Murakami &#8211; Disserta\u00e7\u00e3o de Mestrado), Minist\u00e9rio da Sa\u00fade<\/p>\n\n\n\n<p><strong>2006<\/strong> Finalista do IX Pr\u00eamio CONIP 2006 de Excel\u00eancia em Inform\u00e1tica Aplicada aos Servi\u00e7os P\u00fablicos, Instituto CONIP (http:\/\/www.conip.com.br\/sp\/2006\/)<\/p>\n\n\n\n<p><strong>2006<\/strong> Pr\u00eamio SUCESU 40 anos &#8211; Inova\u00e7\u00e3o e Pioneirismo em Inform\u00e1tica, SUCESU &#8211; Associa\u00e7\u00e3o de Usu\u00e1rios de Inform\u00e1tica e Telecomunica\u00e7\u00f5es, SUCESU Nacional (http:\/\/www.sucesu.org.br)<\/p>\n\n\n\n<p><strong>2006<\/strong> Finalista do Pr\u00eamio Mario Covas 2006 &#8211; Uso das Tecnologias de Informa\u00e7\u00e3o e Comunica\u00e7\u00e3o, Governo do Estado de S\u00e3o Paulo, Casa Civil e FUNDAP<\/p>\n\n\n\n<p><strong>2005<\/strong> Honorable Mention, SPIE &#8211; The International Society of Optical Engineering, San Diego, EUA, 16\/02\/2005<\/p>\n\n\n\n<p><strong>2005<\/strong> Pr\u00eamio de Incentivo em Ci\u00eancia e Tecnologia para o SUS (Artigo Publicado, 1a. Fase), Minist\u00e9rio da Sa\u00fade, Governo do Brasil, (DOU, Se\u00e7\u00e3o 1 &#8211; pag. 43-44, 25\/04\/2005)<\/p>\n\n\n\n<p><strong>2005<\/strong> Pr\u00eamio InfoCorporate 2005 &#8211; Melhor Case de TI na \u00c1rea da Sa\u00fade, Gartner Group, Revista InfoCorporate e Editora Abril (http:\/\/www.infocorporate.com.br)<\/p>\n\n\n\n<p><strong>2005<\/strong> Finalista do Pr\u00eamio Mario Covas 2005 &#8211; Uso das Tecnologias de Informa\u00e7\u00e3o e Comunica\u00e7\u00e3o, Governo do Estado de S\u00e3o Paulo, Casa Civil e FUNDAP<\/p>\n\n\n\n<p><strong>2004<\/strong> Pr\u00eamio Gestao SP &#8211; Inova\u00e7\u00f5es em Gest\u00e3o P\u00fablica no Estado de S\u00e3o Paulo, Governo do Estado de S\u00e3o Paulo, Casa Civil e FUNDAP, 22\/11\/2004, Sala S\u00e3o Paulo, Pra\u00e7a J\u00falio Prestes<\/p>\n\n\n\n<p><strong>1997<\/strong> BEST-BY-COUNTRY ABSTRACT AWARD 3RD INTERNATIONAL CONFERENCE OF NUCLEAR CARDIOLOGY 6-9 DE ABRIL DE 1997, FLORENCA, ITALIA, American Society of Nuclear Cardiology<\/p>\n\n\n\n<p><strong>1995<\/strong> DR. JORGE VARELA &#8211; CONTRIBUICAO EM CIENCIAS BASICAS (FISICA) XIV CONGRESSO DA ASSOCIACAO LATINO-AMERICANA DAS SOCIEDADES DE BIOLOGIA E MEDICINA NUCLEAR 14-20 DE AGOSOTO DE 1995, SALVADOR, BAHIA, ALASBIMN &#8211; Assoc. Latino Americana de Soc. Biologia e Medicina Nuclear<\/p>\n\n\n\n<p><strong>1987<\/strong> Original and Outstanding Presentation, Computers in Cardiology<\/p>\n\n\n\n<p><\/p>\n","protected":false},"excerpt":{"rendered":"<p>2023 Men\u00e7\u00e3o Honrosa &#8211; XXIII Simp\u00f3sio Brasileiro de Computa\u00e7\u00e3o Aplicada \u00e0 Sa\u00fade (SBCAS), Sociedade Brasileira de Computa\u00e7\u00e3o 2021 Men\u00e7\u00e3o Honrosa &#8211; XXXVI Simp\u00f3sio Brasileiro de Banco de Dados, Sociedade Brasileira de Computa\u00e7\u00e3o 2020 Men\u00e7\u00e3o Honrosa &#8211; XX Simp\u00f3sio Brasileiro de Computa\u00e7\u00e3o Aplicada \u00e0 Sa\u00fade (SBCAS),, Sociedade Brasileira de Computa\u00e7\u00e3o 2020 Pr\u00eamio Whow! de Inova\u00e7\u00e3o 2020, &hellip; <a href=\"https:\/\/www2.incor.usp.br\/sites\/spdweb\/awards\/\" class=\"more-link\">Continue lendo <span class=\"screen-reader-text\">Awards<\/span> <span class=\"meta-nav\">&rarr;<\/span><\/a><\/p>\n","protected":false},"author":1,"featured_media":0,"parent":0,"menu_order":0,"comment_status":"closed","ping_status":"closed","template":"","meta":{"footnotes":""},"class_list":["post-516","page","type-page","status-publish","hentry"],"_links":{"self":[{"href":"https:\/\/www2.incor.usp.br\/sites\/spdweb\/wp-json\/wp\/v2\/pages\/516","targetHints":{"allow":["GET"]}}],"collection":[{"href":"https:\/\/www2.incor.usp.br\/sites\/spdweb\/wp-json\/wp\/v2\/pages"}],"about":[{"href":"https:\/\/www2.incor.usp.br\/sites\/spdweb\/wp-json\/wp\/v2\/types\/page"}],"author":[{"embeddable":true,"href":"https:\/\/www2.incor.usp.br\/sites\/spdweb\/wp-json\/wp\/v2\/users\/1"}],"replies":[{"embeddable":true,"href":"https:\/\/www2.incor.usp.br\/sites\/spdweb\/wp-json\/wp\/v2\/comments?post=516"}],"version-history":[{"count":2,"href":"https:\/\/www2.incor.usp.br\/sites\/spdweb\/wp-json\/wp\/v2\/pages\/516\/revisions"}],"predecessor-version":[{"id":525,"href":"https:\/\/www2.incor.usp.br\/sites\/spdweb\/wp-json\/wp\/v2\/pages\/516\/revisions\/525"}],"wp:attachment":[{"href":"https:\/\/www2.incor.usp.br\/sites\/spdweb\/wp-json\/wp\/v2\/media?parent=516"}],"curies":[{"name":"wp","href":"https:\/\/api.w.org\/{rel}","templated":true}]}}