{"id":161,"date":"2019-02-06T16:39:57","date_gmt":"2019-02-06T16:39:57","guid":{"rendered":"http:\/\/www2.incor.usp.br\/sites\/spdweb\/?page_id=161"},"modified":"2019-02-06T20:18:56","modified_gmt":"2019-02-06T20:18:56","slug":"sem-2018","status":"publish","type":"page","link":"https:\/\/www2.incor.usp.br\/sites\/spdweb\/sem-2018\/","title":{"rendered":"Seminars-2018"},"content":{"rendered":"\n<p>Semin\u00e1rios realizados \u00e0s 5as-feiras, \u00e0s 14h30, na Sala C\u00e2ndido Pinto (Servi\u00e7o de Inform\u00e1tica &#8211; 2o Andar do Instituto do Cora\u00e7\u00e3o de S\u00e3o Paulo)<\/p>\n\n\n\n<table class=\"wp-block-table has-fixed-layout\"><tbody><tr><td><strong>Fevereiro 2018<\/strong><\/td><td><strong>Semin\u00e1rio<\/strong><\/td><\/tr><tr><td>1<\/td><td>&#8211;<\/td><\/tr><tr><td>8<\/td><td>&#8211;<\/td><\/tr><tr><td>15<\/td><td>&#8211;<\/td><\/tr><tr><td>22<\/td><td>&#8211;<\/td><\/tr><\/tbody><\/table>\n\n\n\n<table class=\"wp-block-table\"><tbody><tr><td><strong>Mar\u00e7o 2018<\/strong><\/td><td><strong>Semin\u00e1rio<\/strong><\/td><\/tr><tr><td>1<\/td><td> Talles Newton Carvalho, &#8220;<strong>Aplicacao de Deep Learning em imagens medicas<\/strong>&#8220;<br>Local: Sala Candido Pinto, 2o. andar, Servico de Informatica, InCor\/HCFMUSP <br>Hor\u00e1rio: 14h30<br>  <br><strong>Resumo:<\/strong> Este semin\u00e1rio pretende explicar quais as vantagens de se aplicar <br>redes neurais, e  em espec\u00edfico deep learning, na segmenta\u00e7\u00e3o de imagens <br>m\u00e9dicas. Al\u00e9m disso, ser\u00e1  apresentada uma breve hist\u00f3ria da evolu\u00e7\u00e3o das <br>redes neurais at\u00e9 chegar em redes  neurais convolucionais, as dificuldades <br>e desafios na implanta\u00e7\u00e3o de uma rede neural  para segmentar uma imagem<br> e os resultados atuais obtidos em segmenta\u00e7\u00e3o de imagens  utilizando <br>deep learning. <br><\/td><\/tr><tr><td>8<\/td><td>&#8211;<\/td><\/tr><tr><td>15<\/td><td>&#8211;<\/td><\/tr><tr><td>22<\/td><td>&#8211;<\/td><\/tr><tr><td>29<\/td><td><\/td><\/tr><\/tbody><\/table>\n\n\n\n<table class=\"wp-block-table\"><tbody><tr><td><strong>Abril 2018<\/strong><\/td><td><strong>Semin\u00e1rio<\/strong><\/td><\/tr><tr><td>5<\/td><td>&#8211;<\/td><\/tr><tr><td>12<\/td><td>&#8211;<\/td><\/tr><tr><td>19<\/td><td>&#8211;<\/td><\/tr><tr><td>26<\/td><td>&#8211;<\/td><\/tr><\/tbody><\/table>\n\n\n\n<table class=\"wp-block-table\"><tbody><tr><td><strong>Maio 2018<\/strong><\/td><td><strong>Semin\u00e1rio<\/strong><\/td><\/tr><tr><td>3<\/td><td>&#8211;<\/td><\/tr><tr><td>10<\/td><td>&#8211;<\/td><\/tr><tr><td>17<\/td><td>&#8211;<\/td><\/tr><tr><td>24<\/td><td>&#8211;<\/td><\/tr><tr><td>31<\/td><td>&#8211;<\/td><\/tr><\/tbody><\/table>\n\n\n\n<table class=\"wp-block-table\"><tbody><tr><td><strong>Junho 2018<\/strong><\/td><td><strong>Semin\u00e1rio<\/strong><\/td><\/tr><tr><td>7<\/td><td>&#8211;<\/td><\/tr><tr><td>14<\/td><td>&#8211;<\/td><\/tr><tr><td>21<\/td><td>&#8211;<\/td><\/tr><tr><td>28<\/td><td>&#8211;<\/td><\/tr><\/tbody><\/table>\n\n\n\n<table class=\"wp-block-table\"><tbody><tr><td><strong>Julho 2018<\/strong><\/td><td><strong>Semin\u00e1rio<\/strong><\/td><\/tr><tr><td>5<\/td><td>&#8211;<\/td><\/tr><tr><td>12<\/td><td>&#8211;<\/td><\/tr><tr><td>19<\/td><td>&#8211;<\/td><\/tr><tr><td>26<\/td><td>&#8211;<\/td><\/tr><\/tbody><\/table>\n\n\n\n<table class=\"wp-block-table\"><tbody><tr><td><strong>Agosto 2018<\/strong><\/td><td><strong>Semin\u00e1rio<\/strong><\/td><\/tr><tr><td>2<\/td><td>&#8211;<\/td><\/tr><tr><td>9<\/td><td>&#8211;<\/td><\/tr><tr><td>16<\/td><td>&#8211;<\/td><\/tr><tr><td>23<\/td><td>&#8211;<\/td><\/tr><tr><td>30<\/td><td><\/td><\/tr><\/tbody><\/table>\n\n\n\n<table class=\"wp-block-table\"><tbody><tr><td><strong>Setembro 2018<\/strong><\/td><td><strong>Semin\u00e1rio<\/strong><\/td><\/tr><tr><td>6<\/td><td>&#8211;<\/td><\/tr><tr><td>13<\/td><td>&#8211;<\/td><\/tr><tr><td>20<\/td><td>&#8211;<\/td><\/tr><tr><td>27<\/td><td>&#8211;<\/td><\/tr><\/tbody><\/table>\n\n\n\n<table class=\"wp-block-table\"><tbody><tr><td><strong>Outubro 2018<\/strong><\/td><td><strong>Semin\u00e1rio<\/strong><\/td><\/tr><tr><td>4<\/td><td>&#8211;<\/td><\/tr><tr><td>11<\/td><td>&#8211;<\/td><\/tr><tr><td>18<\/td><td>&#8211;<\/td><\/tr><tr><td>25<\/td><td>&#8211;<\/td><\/tr><\/tbody><\/table>\n\n\n\n<table class=\"wp-block-table\"><tbody><tr><td><strong>Novembro 2018<\/strong><\/td><td><strong>Semin\u00e1rio<\/strong><\/td><\/tr><tr><td>1<\/td><td><\/td><\/tr><tr><td>8<\/td><td>&#8211;<\/td><\/tr><tr><td>15<\/td><td>&#8211;<\/td><\/tr><tr><td>22<\/td><td>&#8211;<\/td><\/tr><tr><td>29<\/td><td>&#8211;<\/td><\/tr><\/tbody><\/table>\n\n\n\n<table class=\"wp-block-table\"><tbody><tr><td><strong>Dezembro 2018<\/strong><\/td><td><strong>Semin\u00e1rio<\/strong><\/td><\/tr><tr><td>6<\/td><td>&#8211;<\/td><\/tr><tr><td>13<\/td><td>&#8211;<\/td><\/tr><tr><td>20<\/td><td>&#8211;<\/td><\/tr><tr><td>27<\/td><td>&#8211;<\/td><\/tr><\/tbody><\/table>\n","protected":false},"excerpt":{"rendered":"<p>Semin\u00e1rios realizados \u00e0s 5as-feiras, \u00e0s 14h30, na Sala C\u00e2ndido Pinto (Servi\u00e7o de Inform\u00e1tica &#8211; 2o Andar do Instituto do Cora\u00e7\u00e3o de S\u00e3o Paulo) Fevereiro 2018 Semin\u00e1rio 1 &#8211; 8 &#8211; 15 &#8211; 22 &#8211; Mar\u00e7o 2018 Semin\u00e1rio 1 Talles Newton Carvalho, &#8220;Aplicacao de Deep Learning em imagens medicas&#8220;Local: Sala Candido Pinto, 2o. andar, Servico de &hellip; <a href=\"https:\/\/www2.incor.usp.br\/sites\/spdweb\/sem-2018\/\" class=\"more-link\">Continue lendo <span class=\"screen-reader-text\">Seminars-2018<\/span> <span class=\"meta-nav\">&rarr;<\/span><\/a><\/p>\n","protected":false},"author":1,"featured_media":0,"parent":0,"menu_order":0,"comment_status":"closed","ping_status":"closed","template":"","meta":{"footnotes":""},"class_list":["post-161","page","type-page","status-publish","hentry"],"_links":{"self":[{"href":"https:\/\/www2.incor.usp.br\/sites\/spdweb\/wp-json\/wp\/v2\/pages\/161","targetHints":{"allow":["GET"]}}],"collection":[{"href":"https:\/\/www2.incor.usp.br\/sites\/spdweb\/wp-json\/wp\/v2\/pages"}],"about":[{"href":"https:\/\/www2.incor.usp.br\/sites\/spdweb\/wp-json\/wp\/v2\/types\/page"}],"author":[{"embeddable":true,"href":"https:\/\/www2.incor.usp.br\/sites\/spdweb\/wp-json\/wp\/v2\/users\/1"}],"replies":[{"embeddable":true,"href":"https:\/\/www2.incor.usp.br\/sites\/spdweb\/wp-json\/wp\/v2\/comments?post=161"}],"version-history":[{"count":6,"href":"https:\/\/www2.incor.usp.br\/sites\/spdweb\/wp-json\/wp\/v2\/pages\/161\/revisions"}],"predecessor-version":[{"id":210,"href":"https:\/\/www2.incor.usp.br\/sites\/spdweb\/wp-json\/wp\/v2\/pages\/161\/revisions\/210"}],"wp:attachment":[{"href":"https:\/\/www2.incor.usp.br\/sites\/spdweb\/wp-json\/wp\/v2\/media?parent=161"}],"curies":[{"name":"wp","href":"https:\/\/api.w.org\/{rel}","templated":true}]}}